{"id":205,"date":"2022-09-23T22:29:43","date_gmt":"2022-09-23T20:29:43","guid":{"rendered":"https:\/\/www.com-ethique.fr\/?page_id=6"},"modified":"2022-09-23T22:29:43","modified_gmt":"2022-09-23T20:29:43","slug":"accueil-2","status":"publish","type":"page","link":"https:\/\/www.com-ethique.fr\/","title":{"rendered":"Bienvenue sur le site de Com-\u00e9thique"},"content":{"rendered":"\n<div class=\"wp-block-columns are-vertically-aligned-center is-layout-flex wp-container-core-columns-is-layout-9d6595d7 wp-block-columns-is-layout-flex\">\n<div class=\"wp-block-column is-vertically-aligned-center is-layout-flow wp-block-column-is-layout-flow\" style=\"flex-basis:33.33%\">\n<figure class=\"wp-block-image size-large is-resized is-style-rounded\"><img loading=\"lazy\" decoding=\"async\" src=\"https:\/\/www.com-ethique.fr\/wp-content\/uploads\/2023\/03\/IMG_0109-768x1024.jpeg\" alt=\"\" class=\"wp-image-185\" width=\"210\" height=\"280\"\/><\/figure>\n<\/div>\n\n\n\n<div class=\"wp-block-column is-vertically-aligned-center is-layout-flow wp-block-column-is-layout-flow\" style=\"flex-basis:66.66%\">\n<h2 class=\"wp-block-heading\"><strong>La\u00ebtitia VICHY<br><\/strong>Responsable Marketing &amp; Communication<\/h2>\n\n\n\n<p>Mon but : vous apporter mes connaissances dans les projets marketing et communication \u00e9thiques de votre organisation au quotidien gr\u00e2ce \u00e0 la publication d\u2019articles d\u00e9di\u00e9s. Je peux venir vous rencontrer si votre organisation se trouve sur le secteur de Marseille et vous accompagner sp\u00e9cifiquement sur un dossier important, pour faire le point sur vos besoins r\u00e9els et la mise en oeuvre de la strat\u00e9gie adopt\u00e9e. Devis d\u00e9taill\u00e9 et gratuit sur simple demande via le formulaire de contact ci-dessous.<\/p>\n<\/div>\n<\/div>\n\n\n\n<div style=\"height:100px\" aria-hidden=\"true\" class=\"wp-block-spacer\"><\/div>\n\n\n\n<h2 class=\"has-text-align-center wp-block-heading\">Mon objectif : vous permettre de partager <br>vos valeurs et valoriser votre travail en mettant en \u0153uvre <br>un <strong>marketing \u00e9thique<\/strong> et une <strong>communication responsable<\/strong>.<\/h2>\n\n\n\n<p>Vous trouverez sur ce site des ressources pour vous aider dans les actions de communication de votre association ou petite entreprise. Pour un dossier compliqu\u00e9 ou un besoin particulier, n&rsquo;h\u00e9sitez pas \u00e0 me contacter, nous d\u00e9terminerons ensemble vos besoins r\u00e9els et comment attendre des objectifs r\u00e9alistes.<\/p>\n\n\n\n<div style=\"height:100px\" aria-hidden=\"true\" class=\"wp-block-spacer\"><\/div>\n","protected":false},"excerpt":{"rendered":"<p>La\u00ebtitia VICHYResponsable Marketing &amp; Communication Mon but : vous apporter mes connaissances dans les projets marketing et communication \u00e9thiques de votre organisation au quotidien gr\u00e2ce \u00e0 la publication d\u2019articles d\u00e9di\u00e9s. Je peux venir vous rencontrer si votre organisation se trouve sur le secteur de Marseille et vous accompagner sp\u00e9cifiquement sur un dossier important, pour faire &hellip; <\/p>\n<p class=\"link-more\"><a href=\"https:\/\/www.com-ethique.fr\/\" class=\"more-link\">Continuer la lecture<span class=\"screen-reader-text\"> de &laquo;&nbsp;Bienvenue sur le site de Com-\u00e9thique&nbsp;&raquo;<\/span><\/a><\/p>\n","protected":false},"author":1,"featured_media":0,"parent":0,"menu_order":0,"comment_status":"closed","ping_status":"closed","template":"","meta":{"footnotes":""},"class_list":["post-205","page","type-page","status-publish","hentry"],"_links":{"self":[{"href":"https:\/\/www.com-ethique.fr\/index.php?rest_route=\/wp\/v2\/pages\/205","targetHints":{"allow":["GET"]}}],"collection":[{"href":"https:\/\/www.com-ethique.fr\/index.php?rest_route=\/wp\/v2\/pages"}],"about":[{"href":"https:\/\/www.com-ethique.fr\/index.php?rest_route=\/wp\/v2\/types\/page"}],"author":[{"embeddable":true,"href":"https:\/\/www.com-ethique.fr\/index.php?rest_route=\/wp\/v2\/users\/1"}],"replies":[{"embeddable":true,"href":"https:\/\/www.com-ethique.fr\/index.php?rest_route=%2Fwp%2Fv2%2Fcomments&post=205"}],"version-history":[{"count":0,"href":"https:\/\/www.com-ethique.fr\/index.php?rest_route=\/wp\/v2\/pages\/205\/revisions"}],"wp:attachment":[{"href":"https:\/\/www.com-ethique.fr\/index.php?rest_route=%2Fwp%2Fv2%2Fmedia&parent=205"}],"curies":[{"name":"wp","href":"https:\/\/api.w.org\/{rel}","templated":true}]}}

Bienvenue sur le site de Com-éthique

<div class="wp-block-columns are-vertically-aligned-center is-layout-flex wp-container-core-columns-is-layout-9d6595d7 wp-block-columns-is-layout-flex">
<div class="wp-block-column is-vertically-aligned-center is-layout-flow wp-block-column-is-layout-flow" style="flex-basis:33.33%">
<figure class="wp-block-image size-large is-resized is-style-rounded"><img loading="lazy" decoding="async" src="https://www.com-ethique.fr/wp-content/uploads/2023/03/IMG_0109-768x1024.jpeg" alt="" class="wp-image-185" width="210" height="280"/></figure>
</div>



<div class="wp-block-column is-vertically-aligned-center is-layout-flow wp-block-column-is-layout-flow" style="flex-basis:66.66%">
<h2 class="wp-block-heading"><strong>Laëtitia VICHY<br></strong>Responsable Marketing &amp; Communication</h2>



<p>Mon but : vous apporter mes connaissances dans les projets marketing et communication éthiques de votre organisation au quotidien grâce à la publication d’articles dédiés. Je peux venir vous rencontrer si votre organisation se trouve sur le secteur de Marseille et vous accompagner spécifiquement sur un dossier important, pour faire le point sur vos besoins réels et la mise en oeuvre de la stratégie adoptée. Devis détaillé et gratuit sur simple demande via le formulaire de contact ci-dessous.</p>
</div>
</div>



<div style="height:100px" aria-hidden="true" class="wp-block-spacer"></div>



<h2 class="has-text-align-center wp-block-heading">Mon objectif : vous permettre de partager <br>vos valeurs et valoriser votre travail en mettant en œuvre <br>un <strong>marketing éthique</strong> et une <strong>communication responsable</strong>.</h2>



<p>Vous trouverez sur ce site des ressources pour vous aider dans les actions de communication de votre association ou petite entreprise. Pour un dossier compliqué ou un besoin particulier, n&rsquo;hésitez pas à me contacter, nous déterminerons ensemble vos besoins réels et comment attendre des objectifs réalistes.</p>



<div style="height:100px" aria-hidden="true" class="wp-block-spacer"></div>

<p>Laëtitia VICHYResponsable Marketing &amp; Communication Mon but : vous apporter mes connaissances dans les projets marketing et communication éthiques de votre organisation au quotidien grâce à la publication d’articles dédiés. Je peux venir vous rencontrer si votre organisation se trouve sur le secteur de Marseille et vous accompagner spécifiquement sur un dossier important, pour faire &hellip; </p>
<p class="link-more"><a href="https://www.com-ethique.fr/" class="more-link">Continuer la lecture<span class="screen-reader-text"> de &laquo;&nbsp;Bienvenue sur le site de Com-éthique&nbsp;&raquo;</span></a></p>
